80. Calculate the remainder when k is divided by 15.
13
Let q(t) = 3*t + 13. Let g be -1 - 11*(-1)/1. Suppose 3 = a - 5*m, 3*m + 0 = 12. Calculate the remainder when q(g) is divided by a.
20
Suppose 2*z - 14 = 4*h, 5*z + 4*h - 93 = -16. Let f = -187 + 194. Calculate the remainder when z is divided by f.
6
Suppose 0*b = 2*b - 84. Let p be 1 + 3 + (-273)/(1 + 6). Let s(q) = -q**3 - 36*q**2 - 33*q + 79. Calculate the remainder when b is divided by s(p).
6
Let w(t) = -138*t - 1056. What is the remainder when w(-8) is divided by 7?
6
What is the remainder when 36/((-4)/(-2)) - (5 - 9) is divided by 4?
2
Let w(g) = -14*g - 686. What is the remainder when w(-51) is divided by 2?
0
What is the remainder when 120/25*(-325)/(-13) is divided by 22?
10
Suppose 30*y - 5 = 29*y. Suppose -448 = -y*x - 68. What is the remainder when x is divided by 20?
16
Suppose -d - 35 = -77. What is the remainder when 753 is divided by d?
39
Suppose -36 = -2*i + c, -53*c + 28 = 2*i - 52*c. What is the remainder when 653 is divided by i?
13
Let w(f) = -f**3 + f**2 + 2*f + 36. Let m(h) = h + 10. Let v be m(-10). What is the remainder when w(v) is divided by (38/(-6))/((-2)/6)?
17
Suppose -t - 4 = 0, -6*q + t + 16 = -2*q. What is the remainder when 132 is divided by q?
0
Suppose -2*k + 40 = -7*k. What is the remainder when 4/k*2*-136 is divided by 46?
44
Let i = -18 - -44. Let u = 2128 + -2122. Calculate the remainder when i is divided by u.
2
Let c = -28 - -32. Suppose 8*m - c*m = 76. What is the remainder when 56 is divided by m?
18
Let f(o) = o + 20. What is the remainder when 131/4 - 5/(-20) is divided by f(-3)?
16
Suppose 0 = 5*o + 4*i - 235, -108 - 33 = -3*o + 3*i. What is the remainder when o is divided by 17?
13
Suppose -3*g + 205 = -134. Calculate the remainder when g is divided by -2 + 32/12 - (-402)/18.
21
Suppose 247 = 13*m + 52. What is the remainder when m is divided by 2?
1
Let g(y) = y**3 + 6*y**2 - 9*y - 4. Suppose 438*r + 784 = 454*r. Calculate the remainder when r is divided by g(-7).
9
Let g = -101 - -103. Suppose -r + g*r - 138 = -3*x, 0 = -5*x - 2*r + 231. What is the remainder when x is divided by 12?
9
Suppose o = -2*o + 84. Let j = -9 - -13. What is the remainder when (-109)/(-4 + j + -1) is divided by o?
25
Let h(u) = -u**3 - 21*u**2 + 100*u + 12. What is the remainder when 873 is divided by h(-25)?
9
Suppose -4*k + 19 = -41. Let f = 12 - 6. Calculate the remainder when (-2)/6 + ((-1424)/f)/(-4) is divided by k.
14
Let j(f) = -4*f - 29. Calculate the remainder when 60 is divided by j(-9).
4
What is the remainder when (1*(-2)/(-2))/((-29)/(-35467)) is divided by 9?
8
What is the remainder when 3/(-4) + 36663/132 is divided by 8?
5
Let f(q) = -245*q - 411. Calculate the remainder when f(-2) is divided by 14.
9
Suppose 0 = -z + 5*j + 1069, 4*z - 7*z = 3*j - 3135. Calculate the remainder when z is divided by 25.
24
Suppose -n = -10 - 57. Suppose 2*q = -67*u + 65*u + 388, -4*q = -4*u - 808. What is the remainder when q is divided by n?
64
Suppose -48 = 5*r - 128. Let v = 43 + -40. What is the remainder when r is divided by v?
1
Suppose 0 = -3*r + 15*r - 372. What is the remainder when r is divided by 11?
9
Suppose 4*f = f + 24. Suppose 0 = f*k - 51 - 29. Calculate the remainder when 26 is divided by k.
6
Let j(a) = -3 + 0*a**2 - 4*a**2 + 7 - 17*a. What is the remainder when 71 is divided by j(-4)?
7
Let z = -39 - -41. Suppose f - 10 = -4*r + z, -5*r + 81 = 4*f. Let c = f - 23. What is the remainder when 2 is divided by c?
0
Suppose 21 + 29 = 5*f - 5*y, -y = 5*f - 74. Calculate the remainder when f is divided by (0 - 7/(-14))*6*1.
2
What is the remainder when 4 is divided by (-2)/(-6)*(-7 + 11 + -1)?
0
Calculate the remainder when ((-51)/2)/(-3)*2 is divided by 2 + (-10)/(-16) - (-66)/176.
2
Let n(g) = 4*g**2 - 3. Let i be n(-3). Suppose s - 18 = i. What is the remainder when s is divided by 27?
24
Suppose 3*o - 16762 = -3*s - 5644, 4*s - 18534 = -5*o. What is the remainder when o is divided by 16?
14
Let m = 8 - -4. Suppose 0 = -3*q + 11 + 7. Calculate the remainder when -30*q/4*-1 is divided by m.
9
Let g(j) = 3*j**3 + 3*j**2 + 7*j - 19. What is the remainder when g(3) is divided by 42?
26
Let x(g) = -6*g + 3. Let k = 6 - 8. Calculate the remainder when 42 is divided by x(k).
12
Suppose -3*a + 2*y = -509, -5 = -4*y + 3. What is the remainder when a is divided by 50?
21
Let c be 8/36 + (-34)/(-9). Suppose -s - c*s = 0. Suppose -2*f + 3*f - 5 = s. Calculate the remainder when 12 is divided by f.
2
Let h(g) = -g**2 + 33*g - 56. What is the remainder when h(5) is divided by ((-25)/(-20))/((-2)/(-24))?
9
Let s = 26 - 22. Suppose s*m = 2*m + 6. Let r(k) = 6*k + 6. Calculate the remainder when 46 is divided by r(m).
22
Suppose -3*r + k = -65, -4*k = -5*r + 61 + 45. Suppose 0 = -2*c - 45 + 131. What is the remainder when c is divided by r?
21
Let p(k) = -9*k**3 + 3*k**2 + 6*k + 11. Let t(n) = 2*n**2 - 6*n + 6. What is the remainder when p(-2) is divided by t(4)?
13
Let n(o) = o**3 + 6*o**2 - 24*o - 46. Calculate the remainder when 70 is divided by n(-8).
16
Let m = -208 - -240. Calculate the remainder when 123 is divided by m.
27
Let b(y) = y**3 - 48*y**2 + 108*y - 115. What is the remainder when b(46) is divided by 6?
3
What is the remainder when (3120/(-84))/(2/(-7)) is divided by 27?
22
Suppose 2*j = -j + 90. Let z = -80 - -83. Suppose 0 = -5*p - z*o + 122 - j, -p - 5*o = -36. What is the remainder when 29 is divided by p?
13
Let p = 50 - 37. Let t(c) = c**3 + 11*c**2 - 6*c + 2. Let h be t(-9). Suppose 0 = 5*v - h + 38. Calculate the remainder when v is divided by p.
10
Let w = 2209 + -14081. Let c be 1/5 - w/40. Suppose 5*y - c = 13. What is the remainder when y is divided by 32?
30
Suppose 12*s = 17*s - 30. Calculate the remainder when 32 is divided by s.
2
Let z = 83 + -80. What is the remainder when z is divided by ((-3)/(-2))/(6/4)?
0
Calculate the remainder when 47 + 14 - (5 + 0) is divided by 3.
2
Let z be (6 + -3)*(-9)/3. Let m = 41 - 82. Let u = z - m. What is the remainder when u is divided by 11?
10
Let m = -19449 + 19522. Calculate the remainder when m is divided by 4/6 + 152/6.
21
Let s(q) = -q**2 + 8*q - 14. Let m be s(6). What is the remainder when 177 is divided by 4/((-2)/m*(-5)/(-25))?
17
Suppose 2093 = 40*g - 33*g. What is the remainder when g is divided by 50?
49
What is the remainder when 102 is divided by 276/24 - 21/(-6)?
12
Let c(t) = t**3 + 7*t**2 + 4*t - 9. Let u be c(-7). Let z = 189 + u. Suppose 5*j = 9*j - z. Calculate the remainder when j is divided by 10.
8
Suppose 12*i - 328 + 136 = 0. Let n(g) = -g**3 - 2*g**2 - 5*g - 6. Calculate the remainder when n(-4) is divided by i.
14
Let c be (-2)/(-6) + 138/18. Suppose 4*z = c, -2*m + z + 73 = -23. What is the remainder when 96 is divided by m?
47
Calculate the remainder when 438 is divided by (-11951)/(-136) - (-1)/8.
86
Suppose 63 = -5*a - g, a - 4*a - 43 = -2*g. Suppose -2*z = -z - 24. Let b = a + z. Calculate the remainder when 42 is divided by b.
9
Let m(f) = 4 - 12 + 0 + 2*f + 6. Let d be 43/9 - (-4)/18. What is the remainder when 14 is divided by m(d)?
6
Suppose 5*m = -4*q + 167, -4*q - 4*m + 156 = -8. Let s = -2 + 7. Suppose -60 = 2*k - s*k. Calculate the remainder when q is divided by k.
18
Let j be 6/4 - 3/(-6). Suppose 3*d - j*d - 3 = 0. What is the remainder when (1 + 12/(-8))*-6 - 0 is divided by d?
0
Calculate the remainder when 250 is divided by (4 + -149)/(-5) - (3 + -2).
26
Let u = -20 - -26. Calculate the remainder when 122 is divided by 34 - (u/3 - -1).
29
Suppose 4*t + 7 = 31. Let l = -10 - -20. Calculate the remainder when 77/3 - (-8)/t is divided by l.
7
Let x be (-4)/(12/9) + -34. Let i = 0 - x. What is the remainder when 73 is divided by i?
36
Let u be 62/22 + (-40)/(-220). Suppose u*s - 42 = -3*b + 27, 0 = 2*s - 3*b - 31. Calculate the remainder when 58 is divided by s.
18
Let r = 1052 + -896. What is the remainder when r is divided by 61?
34
Suppose 3*p = -2*d - d + 6, 2*d + p = 8. Suppose d*h = 3*h - 3. Calculate the remainder when 19 is divided by h/(16/28)*-4.
5
Suppose -c + p = -87, 0*p = -5*c - 4*p + 399. Let i = c + -72. What is the remainder when 51 is divided by i?
7
Suppose 5*b = -3*c + 109, b - 198 = -5*c - 9. Calculate the remainder when 113 i